= 22*q - 20*q. What are the prime factors of q?
2, 3, 7
Suppose -p + 2*p = 2*w + 94, w = 0. Let b = 239 - p. What are the prime factors of b?
5, 29
Let y = 146 - 266. Let t = 6 - y. What are the prime factors of t?
2, 3, 7
Let m(t) = -t**3 - 7*t**2 + 5*t - 15. Let k be m(-8). Suppose 0 = -0*o - 3*o + 156. What are the prime factors of o - 1 - 18/k?
7
What are the prime factors of (-9)/45 - 30580/(-25)?
1223
Let z(b) = -b**2 + 10*b + 4. Let j be z(13). Let i be (-58470)/j - 12/21. List the prime factors of i/110 + (-2)/11.
3, 5
Let y(s) = 26*s**3 + s**2 - 2*s + 1. Let l be 1 + 0/((-20)/5). What are the prime factors of y(l)?
2, 13
Suppose 9*g - 5*l + 496 = 13*g, -391 = -3*g + l. What are the prime factors of g?
3, 43
Let w(i) = 4*i**3 - 18*i**2 - i + 7. Let g(q) = -5*q**3 + 19*q**2 - 8. Let z(n) = -3*g(n) - 4*w(n). What are the prime factors of z(15)?
2, 7
Suppose -4*j + 0*m + 46 = -2*m, -m = -3*j + 34. Suppose 3*h - j = 4*k - 2*k, -3*h - k - 1 = 0. Let u(s) = 12*s + 2. List the prime factors of u(h).
2, 7
Let f = -2169 - -4955. List the prime factors of f.
2, 7, 199
Let l(q) = -q**3 + 6*q**2 - q + 14. Let b be l(6). Suppose -g = -3*g + b. Let j(t) = 5*t**2 - 4*t - 2. List the prime factors of j(g).
2, 31
Suppose -6203 = 4*p + 5*f - 26234, 4*f = -4. List the prime factors of p.
5009
Let x = 116 + -2. Suppose -5*m = m - x. List the prime factors of m.
19
Let z = 8 + -6. Suppose -z*h - 2*q - 40 = -7*h, -5*q = 3*h + 7. Suppose -4*t + 1 = -h*i + i, 0 = 2*t - 8. List the prime factors of i.
3
Let f be (-1*(-2 + 0))/1. Suppose 0 = -f*b + 9*b + 98. List the prime factors of (-700)/(-22) - b/77.
2
Let c(q) = 4*q - 2. Let w be c(2). Let y = w + -5. Suppose -d = 2*z - 2, 5*z = -4*d + y + 1. What are the prime factors of z?
2
Suppose -5*b = -2*b + 9. What are the prime factors of (-4)/b - (-805)/15?
5, 11
Let c be 4 + -1 - (-4)/2. Let l(y) = 14*y**2 - 2*y - 5. Let p be l(-2). Suppose -2*f - 110 = -4*t, 4*t - c*f - p - 64 = 0. List the prime factors of t.
2, 13
Let s(b) = 163*b**2 + 48*b + 133. List the prime factors of s(-3).
2, 7, 13
Let f = -687 - -846. What are the prime factors of f?
3, 53
Suppose -3*c + 71 = -259. Suppose -t = -2*t + c. List the prime factors of t.
2, 5, 11
List the prime factors of (104/(-13))/(-16)*4426.
2213
Let i(x) = 70*x**2 - 22*x - 21. What are the prime factors of i(-5)?
3, 613
Let u(m) = -7*m - 4. Let a be u(-6). Suppose 17*w - 336 + 64 = 0. Suppose w = q - a. What are the prime factors of q?
2, 3
What are the prime factors of 2 + (-5)/20 + (-126408)/(-32)?
2, 13, 19
Let i(y) = -y**3 - 8*y**2 + 2*y + 15. Let p be i(-8). List the prime factors of 25861/110 + p/10.
5, 47
Let t = -51 - -55. Suppose 0*d + 272 = t*d. What are the prime factors of d?
2, 17
Let w(x) = -7*x**3 + 10*x**2 + 4*x - 1. Let i(v) = -6*v**3 + 9*v**2 + 3*v. Let g(l) = -6*i(l) + 5*w(l). What are the prime factors of g(5)?
2, 3, 5
Let f(v) = 107*v - 120. What are the prime factors of f(12)?
2, 3, 97
Let h be ((-3)/(-6))/((-2)/40). Suppose 72 = i + 24. Let r = i + h. What are the prime factors of r?
2, 19
Let r be (-2 - (-1 + -1)) + -12. Let s = r - -13. Let a(v) = 3*v**2 + 1. What are the prime factors of a(s)?
2
Let u(i) = 10*i - 12. Let b be u(-1). Let f = 117 + b. List the prime factors of f.
5, 19
Let c = -1402 - -4056. List the prime factors of c.
2, 1327
Let i(x) be the third derivative of -x**4/24 + 35*x**3/6 + x**2. What are the prime factors of i(9)?
2, 13
Let g(k) = -k**3 - 6*k**2 + 6*k - 3. Let b be g(-7). Suppose 0*r - b*r = 8. What are the prime factors of 25 + r + 2 + 1?
2, 13
Suppose 0 = -n - 5*f + 4*f + 6, 0 = 2*n + 4*f - 18. Suppose -h + 652 = n*t - 0*h, -h = -5*t + 1084. List the prime factors of t.
7, 31
Let p(b) = 30*b + 51. Let f be p(7). Let v = f - 114. List the prime factors of v.
3, 7
Let p = -639 + 1438. Suppose -o - p = -5*u, 2*o - 4 + 12 = 0. List the prime factors of u.
3, 53
Let g be 2/12 + 597/(-18) + -1. Let i = g - -123. What are the prime factors of i?
89
Let x(r) = 13*r**2 + 3*r - 4. Let u(b) = -b**3 - 4*b**2 + 3*b - 1. Let y be u(-5). Let d = y + -7. List the prime factors of x(d).
2, 3
Let r(w) = w**2 + 4*w + 3. Let v be r(-6). Suppose -14*l = -9*l - v. Suppose h - 4*t + 1 = -l, -3*h + 3*t = -15. List the prime factors of h.
2
Let u be 12/10*(-880)/(-33). Let p be u/(-6)*99/22. Let w = 28 - p. What are the prime factors of w?
2, 13
Suppose -3*t - 71 = -269. Suppose -2*r + 0*r = -t. List the prime factors of r.
3, 11
Let h = 10 - -16. Let m = h - -13. What are the prime factors of m?
3, 13
Let d = 1699 + -948. What are the prime factors of d?
751
List the prime factors of 1 - ((-8100)/48 + (-6)/(-8)).
13
Let l be 6/((-36)/(-21))*(1 - -3). List the prime factors of 4/14 + 2/l*481.
3, 23
Let y(q) = -5*q + 2*q - q + 3. Let z be y(3). Let n = 17 + z. What are the prime factors of n?
2
Suppose 11*i - 29478 - 827 = 0. List the prime factors of i.
5, 19, 29
Let n(q) = -489*q + 53. What are the prime factors of n(-3)?
2, 5, 19
Suppose 0 = -27*p + 6144 + 6006. List the prime factors of p.
2, 3, 5
Let m = -648 + 950. List the prime factors of m.
2, 151
Suppose 4*q - 24 = -3*i, 0*i - 5*i = 5*q - 35. Suppose -4*h + 223 = c + 8, 0 = q*c - 5*h - 577. What are the prime factors of c?
199
Suppose 411*p - 144050 = 386*p. List the prime factors of p.
2, 43, 67
Let f(y) = -19*y - 126. What are the prime factors of f(-19)?
5, 47
Suppose 15*x + 4040 = 20*x. List the prime factors of x.
2, 101
Suppose -2*a = -20 + 64. Let x = 38 - a. What are the prime factors of x?
2, 3, 5
Let s(g) = -14*g**3 - g**2 - 2*g - 2. Let x be s(-1). Let w = x + -6. Suppose 32 = u - w. List the prime factors of u.
3, 13
Let c(r) = -r**2 + 3*r + 6. Let z be c(0). Suppose -3*j = -z*j + 378. What are the prime factors of j?
2, 3, 7
Let f = 80 + -57. Let x = -2 + 6. Suppose x*n - f - 113 = 0. What are the prime factors of n?
2, 17
Let b(z) = -22*z + 20. Let y be b(-11). List the prime factors of (-13)/26 - y/(-4).
5, 13
Let u(y) = y**2 + 3*y - 8. Let h be u(2). Suppose 5*v + h*x - 620 = 0, 4*v + 3*x - x - 498 = 0. What are the prime factors of v?
2, 61
Suppose 9 = b - 3. Suppose -4*x = -11 - 5. Suppose 3*o + b = u - 4, -2*u + 24 = -x*o. What are the prime factors of u?
2
Suppose 5*n - 4872 = 42*c - 44*c, 2*c + 4*n = 4874. What are the prime factors of c?
2441
Suppose -3*n = -5*d - 190, n = -0*n - d + 50. Let u = 108 - n. Suppose 3*c - 290 = -u. What are the prime factors of c?
79
Suppose 5*h = 58 + 137. Suppose 40*m - h*m = 48. What are the prime factors of m?
2, 3
Let x(n) = 3*n**2 + 25*n + 352. What are the prime factors of x(-21)?
2, 5, 23
Let k = -13 + 4. Let p = 38 + -18. Let a = k + p. What are the prime factors of a?
11
Let t be 144/81 + 6/27. Suppose -5*q + 294 = t*q. List the prime factors of q.
2, 3, 7
Suppose -2*b = 4*f - 520, 4*b + 5*f = 266 + 783. Let r be (-3 - 0)/((-21)/b). Suppose 10 = 4*q - r. What are the prime factors of q?
2, 3
Let x = -10 - -12. Let t be (-6)/x - (-2 + -1). What are the prime factors of (-5 - 88)/(t - 3)?
31
Let n be 4/(((-16)/4)/(-296)). Let j = n + -211. Let p = j + -59. List the prime factors of p.
2, 13
Let p(x) = -4*x - 8. Let u be p(-10). Let v = u + 388. What are the prime factors of (v/24)/(1/2)?
5, 7
Let j = -749 + 1459. What are the prime factors of j?
2, 5, 71
Let g = -57 + 57. Suppose g = -5*l + 3*l + 90. What are the prime factors of l?
3, 5
Let b(h) = -h**2 - 7*h + 2. Let g be b(-7). Let w be g/9 - 12378/54. What are the prime factors of (-8)/32 + w/(-4)?
3, 19
Suppose -5*a + 3*w + 12 = 0, -2*w + 4*w = 4*a - 10. Suppose 2*p = 5 + a. Suppose 3*n - 24 = 5*j, p*j - 38 = 2*n - 4*n. What are the prime factors of n?
13
Suppose 4*l - 800 = -4*y, -2*y - 4*l + l + 399 = 0. Suppose 0 = k - 4*h - y, 3*h + 570 = 4*k - 208. What are the prime factors of k?
193
Let j be 20/(-70) + 464/7. Suppose 0 = -2*t - t + j. What are the prime factors of t?
2, 11
Suppose z - 14 = -3*y + 2*y, 39 = 3*z + 2*y. Suppose -2*h = -7*h + i + 81, 0 = -h - 5*i + z. List the prime factors of h.
2
Suppose -98 = -2*f + 2*u, 4*f - 139 - 53 = 3*u. List the prime factors of f.
3, 5
Let a(b) = 609*b + 84. What are the prime factors of a(5)?
3, 7, 149
Suppose 3*t - 4*y = -3 + 4, -t - 2*y = -17. Let w(u) = -u**3 + 6*u**2 + 6*u + 10. Let g be w(t). Suppose 28 = g*